e 0*j + z = -4*j + 20, 0 = 3*j + 3*z - 15. Suppose -m + 12 = -8. Calculate the highest common factor of j and m.
5
Let v(z) = -z**3 + 11*z**2 - 9*z. Let s be v(10). Calculate the highest common factor of 60 and s.
10
Let o be (-6)/(-18)*12/2. Suppose 4*r = 3*f - 0*r + 36, 0 = -2*f - 3*r - 24. Let c = 26 + f. What is the highest common factor of c and o?
2
Let o be (-3 + 9)/(6/32). What is the greatest common factor of 16 and o?
16
Suppose 5 = 2*n - w, 2 = -2*n + 3*w - 3. Suppose 2*m = u + 58, u = -n*m + 29 + 102. What is the greatest common divisor of m and 3?
3
Let z = -9 - -31. Suppose -2*h - 19 = 3*d - 178, 0 = -5*d + 3*h + 284. What is the highest common divisor of d and z?
11
Let l = 21 - 6. Calculate the greatest common factor of l and 30.
15
Let q = 199 + 33. Suppose -135 = -5*k + 2*x, 3*k - 67 = 7*x - 3*x. Calculate the greatest common divisor of q and k.
29
Let y(t) = -t**3 + 11*t**2 - 9*t - 6. Let w be y(10). Calculate the greatest common factor of 1 and w.
1
Suppose -t + p = -3*p - 18, 0 = 3*p + 9. Let r be (-2)/(-4) + (-115)/(-10). What is the greatest common factor of r and t?
6
Let l = 290 - 115. What is the greatest common divisor of l and 70?
35
Let o be 1*(-2 - 1) + 14. Suppose -o = -v + 10. Calculate the highest common divisor of v and 3.
3
Suppose 0*n - 2*n + 16 = 0. Suppose 5*z - n = 22. Suppose z*r - 5*r - 143 = 0. What is the greatest common divisor of 13 and r?
13
Suppose -1 - 2 = -3*q. What is the highest common factor of q and 11?
1
Suppose 5*a - 7 = p - 5*p, 2*p - 11 = 5*a. Calculate the greatest common factor of p and 3.
3
Let n be (-1590)/(-8) + (-4)/((-32)/(-6)). What is the highest common divisor of 22 and n?
22
Suppose -43 = -5*c + 167. What is the greatest common factor of 12 and c?
6
Let b(x) = -5*x - 13. Let s be b(-4). Calculate the greatest common factor of 1 and s.
1
Suppose 190 = 5*n + d + 4*d, -156 = -4*n - 5*d. Suppose -k - 30 = -4*i, 3*i + 8 = -k + n. What is the greatest common factor of i and 88?
8
Let i be 3523/39 + (-4)/(-6). Calculate the highest common factor of i and 13.
13
Suppose 6 = -0*s + 2*s. Let b(x) = 2*x**2 + 3*x**3 - 2*x**2 + 5*x**2 - 1 - 2*x - 3*x**2. Let m be b(2). What is the highest common factor of s and m?
3
Let m = -52 - -118. Let l be 2 + 1*m/2. What is the highest common factor of 14 and l?
7
Let p = 2 - -2. Let n be p/((-8)/(-34)) + -1. What is the highest common factor of 80 and n?
16
Let p(y) = -2*y + 4. Let i be p(-5). What is the highest common factor of i and 28?
14
Suppose -5*d + 20 = -2*k - k, d = -3*k - 50. Let b = 19 + k. What is the greatest common divisor of 44 and b?
4
Suppose -2*c - 96 = -6*c. Suppose 4*l + l = 35. Suppose -4*z + 41 = -l. Calculate the greatest common divisor of z and c.
12
Suppose 3*a - 17 - 19 = 0. What is the greatest common divisor of 36 and a?
12
Let n = -37 - -10. Let t = 44 + n. What is the highest common factor of t and 119?
17
Let q = -23 - -35. Suppose -3*r = -21 - q. What is the greatest common factor of 11 and r?
11
Let h = 37 - 9. Calculate the highest common factor of h and 14.
14
Let x = -35 - -73. Suppose 2*c - 10 = -3*n, -n - 4*c = -2*c - 2. Suppose -n*k = -x + 6. Calculate the greatest common divisor of k and 40.
8
Suppose 170 + 64 = 9*x. What is the greatest common divisor of 65 and x?
13
Suppose -3*u = -5 - 10. Let g = u - -7. Calculate the greatest common factor of g and 12.
12
Let w(v) = -v**3 + 10*v**2 + 12*v - 5. Let d be w(11). Let c be d*1*-9*-1. What is the greatest common factor of 36 and c?
18
Suppose 4*p = -p + 60. Calculate the greatest common divisor of p and 84.
12
Let a be 1*20/6*3. Suppose y - 12 = -4*v + 28, -y = -v + a. What is the greatest common factor of v and 30?
10
Suppose -2*o + 3*u - 14 = -7*o, -5 = o - 2*u. Calculate the highest common divisor of 9 and o.
1
Let n be (-1)/(-3) + 2368/24 + -1. Suppose r - 44 = -3*p, -4*p + 3*p - 2*r + 18 = 0. Calculate the highest common factor of p and n.
14
Suppose 0 = 3*i - 7*i + 300. Calculate the greatest common factor of 30 and i.
15
Let f = 6 - 7. Let q be f/(-2) + (-9)/(-6). Calculate the greatest common divisor of q and 18.
2
Suppose -2*y = -6*y + 40. What is the highest common divisor of y and 110?
10
Let y be 96/30*(10 + 0). Suppose -3*k - 3*z + 23 = -2*z, -k = 4*z - 4. What is the greatest common divisor of y and k?
8
Let v = 45 + -29. Let d be (1 - 2)/(3/18). Let o be d/1*(-140)/21. Calculate the highest common divisor of v and o.
8
Suppose t + 2*t - 40 = -2*w, 3*w + 12 = 0. Calculate the highest common factor of 16 and t.
16
Let j = 20 + -18. Let y = 10 + -5. What is the highest common factor of j and y?
1
Let m(k) = k**2 - 4*k + 12. Let i be m(10). What is the greatest common divisor of 9 and i?
9
Let o be (111/2)/((-6)/(-8)). Let r = o + 50. Suppose 140 = 2*d - 0*d - 3*a, 2*d + a - r = 0. What is the highest common divisor of d and 8?
8
Let h be (-21)/5 - 9/(-45). Suppose -2*a = -0*a. Let v = a - h. Calculate the highest common factor of 16 and v.
4
Let r be 5*((-24)/15 + 1). Let g be (486/9)/((-2)/r). Let o be (-3*1)/(2/(-6)). What is the greatest common divisor of g and o?
9
Suppose 0 = 2*z, 5*z = -d + 2*z + 8. Let k be (d/(-6))/((-3)/(-9)). Let n = 8 + k. What is the highest common factor of 44 and n?
4
Suppose -2*y - 933 = -3*i + y, 0 = -3*i + y + 923. Suppose -j + 70 = -v - 8, -4*j - 2*v = -i. What is the highest common factor of j and 7?
7
Let l be (2 - 4) + (-1)/1. Let b be (-5 - 3/(-1))*-1. Let y be -27*b*l/6. Calculate the highest common factor of 9 and y.
9
Suppose 10*n - 34 - 86 = 0. Calculate the greatest common factor of n and 60.
12
Let k = 45 + -25. Let b(j) = j**2 - 6*j - 1. Let y(w) = w + 1. Let x(v) = b(v) + y(v). Let s be x(-5). What is the greatest common divisor of s and k?
10
Suppose -5*f = 2*j + 64, 4*f + 50 = -0*f - 2*j. Let u be 8/(-28) + (-2244)/f. Suppose 0 = -2*k - 2*k + 80. What is the highest common factor of u and k?
20
Let a = -7 - -9. Suppose -a*m + 14 + 16 = 0. What is the highest common factor of m and 105?
15
Let q = 52 + 69. Calculate the highest common divisor of 11 and q.
11
Let r = 197 - 109. Let u be 2/(-7) + (-44)/(-7). Let o = 2 + u. Calculate the highest common factor of r and o.
8
Let m(r) = 13*r**2 - 1. Let q be m(1). Let i = q - 7. Suppose 2*a = -k + 4*a + 38, -154 = -i*k - 2*a. What is the highest common factor of 8 and k?
8
Let u be -4*(-2 + (-388)/16). What is the greatest common factor of u and 15?
15
Let r(y) = -y**3 + 5*y**2 - 7*y + 7. Let w be r(3). What is the highest common factor of w and 2?
2
Suppose -2*n + 3 = l + 4, -4*l - 10 = 2*n. Suppose -v + n = -0*v. Let b be (v - 18/10)*-20. Calculate the highest common factor of b and 4.
4
Let x = 42 + -24. What is the greatest common divisor of x and 2?
2
Let p = -9 - -50. Let d = p - 7. Suppose 0 = -4*f - 51 + 255. What is the highest common factor of d and f?
17
Let i = 10 - -8. What is the highest common divisor of i and 36?
18
Let z = 65 - 64. Calculate the greatest common divisor of 7 and z.
1
Let o be (11 + -7)*2/4. Suppose -3 = o*b - 7. Suppose -3*c + 4 = -b, -10 = -x + 2*c. What is the greatest common factor of 154 and x?
14
Let s(j) = -j - 5. Let y be s(-7). Suppose -3 - 5 = -2*v. Suppose -v*f + 22 = 3*m, -21 = -2*m + 3*f + 5. Calculate the highest common divisor of m and y.
2
Suppose -4*f + 2*i = -24, -5*i + 66 = 5*f + 21. Let c(k) = -63*k - 1. Let h be c(-5). Suppose -4*b = -h + 6. Calculate the highest common factor of b and f.
7
Suppose 3*l + 0*l - 3 = -5*d, -3*l + 15 = d. Suppose 0*g = -2*g + 6. What is the highest common divisor of l and g?
3
Suppose 0 = 2*c - 6*c + 2*a + 48, 0 = -2*c - 5*a. Calculate the greatest common divisor of c and 90.
10
Suppose -m + 5*m = 2*x + 736, 0 = 3*m + 5*x - 539. Let h = m + -96. Suppose 155 = 5*a - 5*y, 2*a = 5*a - y - h. What is the greatest common divisor of a and 14?
14
Let c = -27 + 43. Suppose 4*k - 12 = g + 30, -5*g - 114 = 4*k. Let r = -10 - g. What is the greatest common divisor of c and r?
16
Let j(t) = -t**2 + 8*t + 2. Let f be j(6). Let x = -62 + 76. Calculate the highest common factor of x and f.
14
Let j(g) = -g**3 - 2*g**2 + 3*g + 3. Let o = 1 - 3. Let k be j(o). Let l = k + 6. What is the greatest common factor of 12 and l?
3
Let c = 60 - 27. Calculate the highest common divisor of 44 and c